. Suppose -4*h - l = -0*l - m, -h - 2*l + 15 = 0. Let p = 2 + h. Calculate the greatest common factor of 9 and p.
9
Let y(s) = s**3 - 8*s**2 + 2*s - 12. Let z be y(8). Suppose z*d = 5*a - 80, -16 = 2*a - 3*a - 3*d. Calculate the greatest common divisor of a and 8.
8
Let h(s) = -s**3 - 7*s + 1. Let y be h(5). Let w = -51 - y. Let f = w + -53. What is the highest common divisor of f and 11?
11
Suppose -5*o - 21 - 54 = -q, 0 = 2*q - 5*o - 145. Calculate the greatest common divisor of q and 10.
10
Let p = 39 - 35. What is the highest common divisor of 32 and p?
4
Let h(q) = -4*q**3 + 4*q + 11. Let p(k) = -5*k**3 + 5*k + 12. Let a(y) = 6*h(y) - 5*p(y). Let i be a(0). Calculate the greatest common factor of i and 2.
2
Suppose -7*f = -3*f - 12. Suppose -4*w - f*c = -66, -3*c + 2*c - 56 = -3*w. Let p = -5 - -7. Calculate the highest common factor of p and w.
2
Suppose -167 = -3*v + 22. Let w = 70 + -49. What is the greatest common factor of w and v?
21
Let o(b) = -b - 2. Let f be o(-6). Suppose -6 = -2*m + 2. Calculate the highest common factor of m and f.
4
Suppose -4*l = 2*t - 228, 4*t + 123 = 3*l - 59. Let r = l + -37. What is the highest common divisor of r and 21?
21
Suppose 4*f - 6*f = 4*g - 88, -3*g - 5*f = -66. Calculate the highest common factor of g and 44.
22
Let n be 6/6*33/(-6)*-4. What is the greatest common factor of n and 88?
22
Let a(d) = 9*d**2 + 3*d + 3. Let m be a(-2). Let l(n) = 3*n - 1. Let t be l(4). Let u = 0 + t. Calculate the greatest common factor of u and m.
11
Suppose -m - 5*k = -18, k - 7 = m - 1. Let y = m - -6. Suppose -3*h - 2*n = -113, 3*n = y*h + h - 163. What is the greatest common factor of 14 and h?
7
Suppose 0 - 30 = -3*f. Calculate the highest common factor of 10 and f.
10
Let v = 38 + -14. Let o(m) = 2*m**2 - 2*m - 2. Let k be o(-6). Suppose 2*r - k = -5*d, -4*d - 4*r + 69 = r. What is the highest common divisor of d and v?
8
Let g(f) be the second derivative of 3/2*f**2 + 0 + 4*f + 5/6*f**3. Let b be g(5). What is the highest common divisor of b and 42?
14
Let x(d) = 12*d - 2. Let f be x(2). Suppose a - 77 = -f. Suppose -3*s + 4*s + 5*z - 40 = 0, -a = -3*s - 2*z. Calculate the greatest common divisor of 3 and s.
3
Suppose 2*f + 0*f = 176. Suppose 22 = -2*v + 4*v. What is the highest common divisor of v and f?
11
Let u(l) = 45*l - 1. Let t be u(1). Suppose -t = -2*z + f, -f - f + 8 = 0. What is the greatest common divisor of z and 8?
8
Suppose 4*y = -2*i + 70, 9*y = 4*y - 2*i + 85. Calculate the greatest common divisor of 15 and y.
15
Let d be (1 + 0 - -1) + -5. Let n be (-2*3 - d)*-63. Calculate the highest common divisor of n and 27.
27
Let o(d) = -d**2 - 8 - 4*d**2 + d**3 + 2*d + 0*d**2. Suppose -5*q + 35 = z, 5*q - 22 = 2*z - 2. Let x be o(q). What is the greatest common factor of x and 10?
10
Let p(c) = c**2 - 5*c + 7. Let v be p(5). Let k = 11 - v. Calculate the greatest common factor of k and 8.
4
Let l(s) = 6*s - 6. Suppose 2*u + 5*g = 3*g + 2, 5*u + 3*g - 15 = 0. Let d be l(u). Suppose 2*m - 12 = -0*m. What is the greatest common factor of m and d?
6
Let x(z) = -z**2 + 7*z + 4. Let u be x(6). Let g be ((-5)/10)/(1/(-10)). What is the highest common divisor of u and g?
5
Suppose 3*k - 80 = -8. Let w = 2 + 1. What is the greatest common factor of w and k?
3
Let k = -3 + 39. What is the highest common divisor of 9 and k?
9
Suppose 0 = -3*i + 13 - 4. Suppose 6*s = i*s + 36. Suppose -18 + 54 = 3*p. Calculate the highest common divisor of s and p.
12
Suppose 2*q + x + 2*x = -7, -q + 3*x = -1. Let j be 1/(55/(-28) - q). Calculate the greatest common divisor of 252 and j.
28
Let m(u) = 2*u**2 - 8*u. Let w be m(6). Let h = -13 - -24. Let i = -5 + h. Calculate the greatest common factor of w and i.
6
Suppose f + 100 = 5*f. Suppose 0 = 6*x - x + f. Let g = -3 - x. What is the highest common factor of g and 10?
2
Let w = 53 - -37. Let q(o) = 2*o - 4. Let p be q(4). Let h be ((-3)/(-5))/(p/60). Calculate the greatest common divisor of h and w.
9
Suppose d = -y + 236, 4*d = 5*y - 0*d - 1216. Calculate the highest common factor of y and 30.
30
Let q be (8/6)/((-3)/(-9)). Suppose 14 + 6 = q*i. Let a = 12 - i. Calculate the highest common divisor of 7 and a.
7
Let m(r) = -r**2 + 15*r. Let f be m(10). Let h = 9 - -1. What is the greatest common factor of h and f?
10
Let y be -8 - -9 - (-7 - -1). Suppose y = -4*q + 19. What is the greatest common divisor of q and 12?
3
Suppose -4*z - 39 = -2*c + 165, -5*c = -2*z - 542. What is the greatest common factor of c and 44?
22
Let p be (-3)/(-2) - 3/(-6). What is the greatest common factor of p and 14?
2
Suppose 0 = -5*n - 0*w - 5*w - 20, 0 = -4*n + 3*w + 12. Suppose -z = -3*c + z + 14, -4*c + 5*z + 14 = n. Calculate the greatest common divisor of 54 and c.
6
Suppose 8*i - 6*i = -5*r + 110, 0 = -3*r. Suppose -108 = -4*w - 5*l, -35 = -w - 4*l + 3. What is the highest common factor of w and i?
11
Let x be (-48)/10*-1*30. What is the greatest common factor of 18 and x?
18
Suppose -3*l - 11 = -n, -2*l + 24 = 3*n - 9. Let h be (1/2 - 2)*-2. Suppose h*j + 2*j = -5, -5*j + 94 = f. Calculate the highest common factor of n and f.
11
Let l be (-130)/(-12) - (-9)/54. What is the greatest common factor of 11 and l?
11
Suppose 0 = 2*f - 4 - 2. Let z = -1 + f. Suppose -4*r - 5*i + 63 = -0*r, 0 = 3*r + z*i - 42. What is the greatest common factor of r and 30?
6
Let m(t) = 2*t**2 - 8*t + 5. Let y be m(5). Suppose -2*u - k - 6 + y = 0, 18 = 5*u + 4*k. Calculate the greatest common factor of 4 and u.
2
Suppose -5*i = -4*c - 25, 5 = i - c - 2*c. Suppose 12*d + 3 = 15*d. Calculate the greatest common divisor of i and d.
1
Let d(l) = -2*l + 2. Let h be d(-4). Let r be (-16 - -17)*(0 + h). What is the greatest common factor of 15 and r?
5
Let l(w) = -4*w + 7 + 5*w - 2*w. Let c be l(5). Let o be (-136)/(-14) - 2/(-7). Calculate the highest common factor of o and c.
2
Let u = 2 + 3. Let z = -8 + -3. Let s = 56 + z. What is the highest common factor of s and u?
5
Let t = 272 - 140. Suppose 2*p - 16 - 8 = 0. Calculate the highest common divisor of p and t.
12
Let l(t) = t + 9. Let g be l(-7). Suppose -4 = f - g*f. Suppose f*h - 30 = -2*s, -2*h + 51 = 2*h - 5*s. Calculate the highest common divisor of 9 and h.
9
Let w be 174/15 + 12/30. Let t be 110 + (1 - 1 - 2). What is the greatest common factor of w and t?
12
Let b = -13 - -22. Let a be (-80)/(-15) - 3/b. Calculate the greatest common factor of 2 and a.
1
Let c = -18 + 42. Let y = c + -17. Calculate the highest common divisor of 14 and y.
7
Let t be (8 + 7)*(-8)/(-10). Suppose -s = 4 - t. Calculate the greatest common divisor of 4 and s.
4
Let i be (-12)/(-4)*(-26)/(-6). Calculate the greatest common divisor of 39 and i.
13
Let t(m) be the first derivative of 2*m**3/3 + 5*m**2/2 + 3*m + 2. Let k be t(-3). Calculate the greatest common factor of 2 and k.
2
Suppose 2*b - 96 = -b. Calculate the highest common divisor of b and 80.
16
Let u be 2 + 0 + (1 - -24). What is the greatest common divisor of u and 9?
9
Let c be 224/22 + (-10)/55. Calculate the highest common divisor of 160 and c.
10
Let m be 5/5 - (-1 - 0). What is the highest common divisor of m and 22?
2
Let p(r) = -3*r - 9. Let i be p(-10). Let z(m) = -4*m + 1. Let d be z(-2). Suppose 2*f = -d + i. What is the highest common factor of 15 and f?
3
Suppose 2*c + 2*c - 16 = -3*q, -8 = -2*q - 4*c. Suppose s = 4*k - 288, -s + 29 + 115 = 2*k. What is the greatest common divisor of q and k?
8
Let y = 26 - -19. Calculate the greatest common factor of 15 and y.
15
Suppose 4*o - 338 = -94. Let b = o - 12. Suppose -2*k = -0*v + 3*v - b, 55 = 3*v + 5*k. Calculate the greatest common divisor of 135 and v.
15
Let o = -95 - -102. Calculate the greatest common factor of o and 91.
7
Let z = -1 + 3. Let j be -1*(-1)/1 + z. Suppose k + 5 = 20. What is the highest common factor of k and j?
3
Suppose -4*o = -3*h - 142, 176 = -2*o + 7*o - 3*h. Calculate the highest common factor of 85 and o.
17
Let o = 8 + -2. Suppose -4*q - 5*d + 14 = 0, d + 20 = 4*q + 3*d. Calculate the greatest common factor of q and o.
6
Suppose 2*l + 3*t = 19, -7*t + 3*t + 22 = 2*l. Calculate the greatest common factor of l and 40.
5
Let h(j) = -j**3 - 3*j**2 + 8*j - 4. Let f be h(-5). What is the greatest common factor of f and 9?
3
Let q